base 4, what is -2 - -301121023221?
301121023213
In base 5, what is 333430201033 - 0?
333430201033
In base 8, what is -5 - 11213366?
-11213373
In base 6, what is 1501255544 - 5?
1501255535
In base 8, what is 4040256 - -134?
4040412
In base 15, what is -d44 - a01d?
-ad62
In base 16, what is -1c2 - 2523d?
-253ff
In base 5, what is -424440042 - 3?
-424440100
In base 13, what is 1069c10 - -4a?
1069c5a
In base 12, what is -2 - -2602306?
2602304
In base 16, what is bb + -e7b3?
-e6f8
In base 13, what is -2aa6663 - 31?
-2aa6694
In base 14, what is 1 + -b33240b?
-b33240a
In base 7, what is 6613 - 55664?
-46051
In base 6, what is 210313 + -5430?
200443
In base 13, what is -7611059 - -2?
-7611057
In base 4, what is 3211021 + -13003?
3132012
In base 4, what is -2221123322212 + 0?
-2221123322212
In base 2, what is -1000011001000011010001 + -11?
-1000011001000011010100
In base 15, what is 5 - 10661e7?
-10661e2
In base 14, what is -976 + -73433?
-73da9
In base 11, what is -8a71798a - 8?
-8a717997
In base 6, what is -13554512 - -10150?
-13544322
In base 2, what is -10001111011101110 + 10011?
-10001111011011011
In base 2, what is 101001101000 + 11101100?
101101010100
In base 7, what is 22 - -4053514?
4053536
In base 2, what is 111000010100100111001 + 11100010?
111000010101000011011
In base 5, what is -312044 - 21121?
-333220
In base 10, what is 67721 - 1973?
65748
In base 5, what is -40 - 3422143?
-3422233
In base 12, what is -270993b - -21?
-270991a
In base 2, what is 100000010010000 + -10111111110100?
1000010011100
In base 7, what is -125362305 + -20?
-125362325
In base 12, what is -2 - -20998625?
20998623
In base 6, what is 4343352 + -3243?
4340105
In base 16, what is -5855c5d - -5?
-5855c58
In base 3, what is 100111100 - 10010012?
20101011
In base 10, what is 1372 - 440098?
-438726
In base 4, what is 10 + 1112023312110?
1112023312120
In base 15, what is 21c83 - 13?
21c70
In base 16, what is -1a7c2fd + -5?
-1a7c302
In base 8, what is 210 - -1743040?
1743250
In base 13, what is -1c - 7491?
-74b0
In base 12, what is 6 + 3266a05?
3266a0b
In base 14, what is -4 + -d05849?
-d0584d
In base 8, what is 540507745 + 7?
540507754
In base 12, what is 69072 + -549?
68725
In base 13, what is a68 - c40?
-1a5
In base 9, what is 844 - 36753?
-35808
In base 16, what is 221 + d45?
f66
In base 14, what is -1 - 610c622?
-610c623
In base 13, what is 5 - -337bc0?
337bc5
In base 5, what is -304 + -1331112133?
-1331112442
In base 8, what is -25251644 - 1?
-25251645
In base 15, what is 33adae - -21?
33add0
In base 15, what is 19d + 1eb74?
1ed22
In base 12, what is 1bb7a24 + 2?
1bb7a26
In base 7, what is 646510202 - 0?
646510202
In base 2, what is -100 + 10101010110011000001001110?
10101010110011000001001010
In base 7, what is 2456 - -25243?
31032
In base 4, what is 3232 + -30021332?
-30012100
In base 8, what is 2166361 + -422?
2165737
In base 15, what is -2a + -458996?
-4589c1
In base 2, what is -1111000 + 1010001011111001110?
1010001011101010110
In base 12, what is -216a8530 + 2?
-216a852a
In base 12, what is -8776b11 - 2?
-8776b13
In base 9, what is -17 + -3427657?
-3427675
In base 13, what is 933856 - -4?
93385a
In base 7, what is 1305 + 222302?
223610
In base 9, what is -106341824 + -2?
-106341826
In base 13, what is 251aa51 + 0?
251aa51
In base 16, what is 6f - -7010a3?
701112
In base 3, what is 1001111101 + -22022?
1001012002
In base 8, what is 13263 - -55427?
70712
In base 11, what is 133 + 114?
247
In base 11, what is -7 + -16442449?
-16442455
In base 16, what is 294cf51 + -4?
294cf4d
In base 2, what is -100110011101 + 10101101111111?
10000111100010
In base 14, what is -136a2395 + 8?
-136a238b
In base 6, what is 4 - -10202213035?
10202213043
In base 6, what is -103455 + -5342?
-113241
In base 6, what is 5551230054 + 2?
5551230100
In base 11, what is -1a84 + 57767?
55793
In base 12, what is 183b115 - 16?
183b0bb
In base 11, what is 35005484 - -4?
35005488
In base 4, what is 21302211 + 201133?
22110010
In base 2, what is -111111101100 - -111111010010?
-11010
In base 13, what is -84 - 2512a?
-251b1
In base 4, what is -213113003203 - 2?
-213113003211
In base 5, what is 32233131043 + 114?
32233131212
In base 7, what is -56466203 + 6?
-56466164
In base 15, what is -d66 + -2e?
-d95
In base 14, what is c8501 + 4c?
c854d
In base 9, what is -138420207 + -4?
-138420212
In base 2, what is 10011111000 + -1000010011?
1011100101
In base 16, what is 9752f + 42?
97571
In base 6, what is -13353225 - 2520?
-13400145
In base 14, what is 3 - -359428?
35942b
In base 14, what is -1143802 - 47?
-1143849
In base 6, what is -4 + -1554401313?
-1554401321
In base 16, what is -2eb818 + -16?
-2eb82e
In base 4, what is 1122111023322 + 1?
1122111023323
In base 11, what is 5 + -3a63297?
-3a63292
In base 5, what is 24230101200 - -113?
24230101313
In base 5, what is -11 - -1224243120?
1224243104
In base 11, what is 9459a854 - -4?
9459a858
In base 16, what is -103 - -14e52?
14d4f
In base 12, what is 1677 + -2298?
-821
In base 16, what is -33b4 + 1d6?
-31de
In base 14, what is -1087 + -195?
-123c
In base 2, what is 1011111110 - -11010111000101000?
11011000100100110
In base 12, what is 1 - 1140754?
-1140753
In base 16, what is 1d68ff68 - 0?
1d68ff68
In base 11, what is -2183a175 - 2?
-2183a177
In base 11, what is 269 - a4a337?
-a4a079
In base 3, what is 111000 - 2100120120?
-2100002120
In base 16, what is -80 + fdd?
f5d
In base 13, what is -5 + -339594?
-339599
In base 3, what is -22 - -22101110001221?
22101110001122
In base 14, what is 6 - 2315d35?
-2315d2d
In base 4, what is -1210 - 311302211?
-311310021
In base 15, what is -850e + ac?
-8452
In base 10, what is 32 + -57264?
-57232
In base 2, what is 110111011 - 10000001011100011101?
-10000001010101100010
In base 2, what is -10111101111110010000000 + -100?
-10111101111110010000100
In base 16, what is 16 - aa63b5?
-aa639f
In base 9, what is 3 - 168378061?
-168378057
In base 8, what is 247 - -30111604?
30112053
In base 2, what is 1000010110111110010101110 + 1111?
1000010110111110010111101
In base 11, what is 90384 + 77?
90450
In base 5, what is -33121 - -320130?
232004
In base 10, what is 231974 - -4?
231978
In base 9, what is -47547268 + 7?
-47547261
In base 5, what is -201244231 - 43?
-201244324
In base 2, what is 1001100001000000001010101 - -111101?
1001100001000000010010010
In base 11, what is 41013 + 39?
41051
In base 15, what is c618 + -550?
c0b8
In base 6, what is 4444314 + 545?
4445303
In base 7, what is -1104115 + -125?
-1104243
In base 13, what is 5 + c6579?
c6581
In base 7, what is -114015 - -1?
-114014
In base 13, what is -2a7353 + -b?
-2a7361
In base 7, what is 1 - 246461332?
-246461331
In base 6, what is -243243342 + 3?
-243243335
In base 9, what is -671584 + -1?
-671585
In base 14, what is -dd8 + -1b08b?
-1c085
In base 2, what is -10 - -111001000100010110100111?
111001000100010110100101
In base 7, what is -6 + 4556503?
4556464
In base 12, what is 5 - -1657a77?
1657a80
In base 5, what is 233043 + 23313?
311411
In base 6, what is -233001 + -31534?
-304535
In base 11, what is 62508019 + -4?
62508015
In base 13, what is -78 + a185?
a10a
In base 11, what is -a9 + -647761?
-64785a
In base 2, what is -10 - 11011110011111000001?
-11011110011111000011
In base 7, what is -16 - -103541266?
103541250
In base 3, what is 2222121211102101 + -121?
2222121211101210
In base 13, what is 94 - -2a94a9?
2a9570
In base 14, what is -3 - -258770ac?
258770a9
In base 9, what is 42468575 + -4?
42468571
In base 2, what is -11000011110 - -1011001000101?
1000000100111
In base 10, what is 92307577 - 0?
92307577
In base 8, what is 255547 - -3407?
261156
In base 16, what is 323b + -84?
31b7
In base 13, what is 1ca - -2a828?
2aa25
In base 6, what is 3 + 53010050?
53010053
In base 12, what is -2953 - -23978?
21025
In base 3, what is -20102001110210111 - -12?
-20102001110210022
In base 7, what is 62 + 415234126?
415234221
In base 5, what is 3424203213 - 1?
3424203212
In base 8, what is 33203 + -35155?
-1752
In base 10, what is 217576 - 209?
217367
In base 9, what is 6 + -207702880?
-207702873
In base 5, what is -1122243 - -41402?
-1030341
In base 6, what is 3443 - 321524?
-314041
In base 2, what is -111000001111100101010011 + 111?
-111000001111100101001100
In base 4, what is -3 -